{"id":72,"date":"2023-11-07T13:32:45","date_gmt":"2023-11-07T21:32:45","guid":{"rendered":"https:\/\/import.bellevuetheme.com\/camping\/blog-inline\/"},"modified":"2023-11-07T13:32:45","modified_gmt":"2023-11-07T21:32:45","slug":"blog-inline","status":"publish","type":"page","link":"https:\/\/nomadajarabacoa.com\/?page_id=72","title":{"rendered":"Blog &#8211; Inline"},"content":{"rendered":"\t\t<div data-elementor-type=\"wp-page\" data-elementor-id=\"72\" class=\"elementor elementor-72\">\n\t\t\t\t\t\t<section class=\"elementor-section elementor-top-section elementor-element elementor-element-26c07cdc elementor-section-stretched elementor-section-boxed elementor-section-height-default elementor-section-height-default\" data-id=\"26c07cdc\" data-element_type=\"section\" data-settings=\"{&quot;stretch_section&quot;:&quot;section-stretched&quot;}\">\n\t\t\t\t\t\t<div class=\"elementor-container elementor-column-gap-wider\">\n\t\t\t\t\t<div class=\"elementor-column elementor-col-100 elementor-top-column elementor-element elementor-element-467669e4\" data-id=\"467669e4\" data-element_type=\"column\">\n\t\t\t<div class=\"elementor-widget-wrap elementor-element-populated\">\n\t\t\t\t\t\t<div class=\"elementor-element elementor-element-2b168da9 elementor-widget elementor-widget-heading\" data-id=\"2b168da9\" data-element_type=\"widget\" data-widget_type=\"heading.default\">\n\t\t\t\t<div class=\"elementor-widget-container\">\n\t\t\t\t\t<h2 class=\"elementor-heading-title elementor-size-default\">Blog - Inline<\/h2>\t\t\t\t<\/div>\n\t\t\t\t<\/div>\n\t\t\t\t\t<\/div>\n\t\t<\/div>\n\t\t\t\t\t<\/div>\n\t\t<\/section>\n\t\t\t\t<section class=\"elementor-section elementor-top-section elementor-element elementor-element-137c3d2d elementor-section-stretched elementor-section-boxed elementor-section-height-default elementor-section-height-default\" data-id=\"137c3d2d\" data-element_type=\"section\" data-settings=\"{&quot;stretch_section&quot;:&quot;section-stretched&quot;}\">\n\t\t\t\t\t\t<div class=\"elementor-container elementor-column-gap-wider\">\n\t\t\t\t\t<div class=\"elementor-column elementor-col-100 elementor-top-column elementor-element elementor-element-2583d269\" data-id=\"2583d269\" data-element_type=\"column\">\n\t\t\t<div class=\"elementor-widget-wrap elementor-element-populated\">\n\t\t\t\t\t\t<div class=\"elementor-element elementor-element-16a6acc2 elementor-widget-divider--view-line elementor-widget elementor-widget-divider\" data-id=\"16a6acc2\" data-element_type=\"widget\" data-widget_type=\"divider.default\">\n\t\t\t\t<div class=\"elementor-widget-container\">\n\t\t\t\t\t\t\t<div class=\"elementor-divider\">\n\t\t\t<span class=\"elementor-divider-separator\">\n\t\t\t\t\t\t<\/span>\n\t\t<\/div>\n\t\t\t\t\t\t<\/div>\n\t\t\t\t<\/div>\n\t\t\t\t\t<\/div>\n\t\t<\/div>\n\t\t\t\t\t<\/div>\n\t\t<\/section>\n\t\t\t\t<section class=\"elementor-section elementor-top-section elementor-element elementor-element-6ac631b3 elementor-section-boxed elementor-section-height-default elementor-section-height-default\" data-id=\"6ac631b3\" data-element_type=\"section\">\n\t\t\t\t\t\t<div class=\"elementor-container elementor-column-gap-no\">\n\t\t\t\t\t<div class=\"elementor-column elementor-col-100 elementor-top-column elementor-element elementor-element-4afbd72e\" data-id=\"4afbd72e\" data-element_type=\"column\">\n\t\t\t<div class=\"elementor-widget-wrap elementor-element-populated\">\n\t\t\t\t\t\t<div class=\"elementor-element elementor-element-7512f9c1 elementor-widget elementor-widget-themo-blog\" data-id=\"7512f9c1\" data-element_type=\"widget\" data-widget_type=\"themo-blog.default\">\n\t\t\t\t<div class=\"elementor-widget-container\">\n\t\t\t\t\t\n                                <div class=\"thmv-blog-post thmv-post-styl-2  image-alignment-\">\n                                                <div class=\"thmv-column image-alignment-\">\n                                                       <div class=\"thmv-grid-img\">\n                                <a href=\"https:\/\/nomadajarabacoa.com\/?p=447\"><img decoding=\"async\" src=\"https:\/\/nomadajarabacoa.com\/wp-content\/uploads\/2026\/02\/image-6.png\" title=\"image (6)\" alt=\"image (6)\" loading=\"lazy\" \/><\/a>\n                            <\/div>\n                                                        <div class=\"thmv-info mas-blog-post\">\n                                                                \n                                <h3 class=\"post-title\"><a href=\"https:\/\/nomadajarabacoa.com\/?p=447\">Gu\u00eda de Actividades<\/a><\/h3>\n                                <div class=\"entry-content\"><p>Gu\u00eda definitiva: Qu\u00e9 hacer en tu pr\u00f3xima visita a Jarabacoa Jarabacoa es conocida como la ciudad de la \u00abEterna Primavera\u00bb, y no es por casualidad. Su ubicaci\u00f3n privilegiada ofrece una lista interminable de actividades para todos los gustos. Si te &hellip;<\/p><\/div>\n                                <a class=\"thmv-learn-btn thmv-w-100\" href=\"https:\/\/nomadajarabacoa.com\/?p=447\">Read More                                                                                                             <svg width=\"16\" height=\"16\" viewBox=\"0 0 16 16\" fill=\"none\" xmlns=\"http:\/\/www.w3.org\/2000\/svg\">\n                                        <path d=\"M-0.000156792 8.92L-0.000156705 6.92L11.9998 6.92L6.49984 1.42L7.91984 -3.46194e-07L15.8398 7.92L7.91984 15.84L6.49984 14.42L11.9998 8.92L-0.000156792 8.92Z\" fill=\"#171818\"><\/path>\n                                    <\/svg>\n                                                                    <\/a>\n                            <\/div>\n                        <\/div>\n                                                <div class=\"thmv-column image-alignment-\">\n                                                       <div class=\"thmv-grid-img\">\n                                <a href=\"https:\/\/nomadajarabacoa.com\/?p=444\"><img decoding=\"async\" src=\"https:\/\/nomadajarabacoa.com\/wp-content\/uploads\/2026\/02\/image-5.png\" title=\"image (5)\" alt=\"image (5)\" loading=\"lazy\" \/><\/a>\n                            <\/div>\n                                                        <div class=\"thmv-info mas-blog-post\">\n                                                                \n                                <h3 class=\"post-title\"><a href=\"https:\/\/nomadajarabacoa.com\/?p=444\">N\u00f3madas Digitales y Teletrabajo<\/a><\/h3>\n                                <div class=\"entry-content\"><p>Transforma tu oficina: Teletrabajo desde un Domo en Jarabacoa El concepto de \u00aboficina\u00bb ha cambiado dr\u00e1sticamente. Hoy en d\u00eda, la productividad no depende de cuatro paredes de concreto, sino de un entorno que inspire la creatividad. En nuestros domos en &hellip;<\/p><\/div>\n                                <a class=\"thmv-learn-btn thmv-w-100\" href=\"https:\/\/nomadajarabacoa.com\/?p=444\">Read More                                                                                                             <svg width=\"16\" height=\"16\" viewBox=\"0 0 16 16\" fill=\"none\" xmlns=\"http:\/\/www.w3.org\/2000\/svg\">\n                                        <path d=\"M-0.000156792 8.92L-0.000156705 6.92L11.9998 6.92L6.49984 1.42L7.91984 -3.46194e-07L15.8398 7.92L7.91984 15.84L6.49984 14.42L11.9998 8.92L-0.000156792 8.92Z\" fill=\"#171818\"><\/path>\n                                    <\/svg>\n                                                                    <\/a>\n                            <\/div>\n                        <\/div>\n                                                <div class=\"thmv-column image-alignment-\">\n                                                       <div class=\"thmv-grid-img\">\n                                <a href=\"https:\/\/nomadajarabacoa.com\/?p=441\"><img decoding=\"async\" src=\"https:\/\/nomadajarabacoa.com\/wp-content\/uploads\/2026\/02\/image-4.png\" title=\"image (4)\" alt=\"image (4)\" loading=\"lazy\" \/><\/a>\n                            <\/div>\n                                                        <div class=\"thmv-info mas-blog-post\">\n                                                                \n                                <h3 class=\"post-title\"><a href=\"https:\/\/nomadajarabacoa.com\/?p=441\">Glamping en Jarabacoa<\/a><\/h3>\n                                <div class=\"entry-content\"><p>Por qu\u00e9 el Glamping en Jarabacoa es la tendencia que debes vivir en 2026 Jarabacoa siempre ha sido el refugio favorito de quienes buscan escapar del calor de la ciudad, pero el concepto de glamping en domos ha elevado la &hellip;<\/p><\/div>\n                                <a class=\"thmv-learn-btn thmv-w-100\" href=\"https:\/\/nomadajarabacoa.com\/?p=441\">Read More                                                                                                             <svg width=\"16\" height=\"16\" viewBox=\"0 0 16 16\" fill=\"none\" xmlns=\"http:\/\/www.w3.org\/2000\/svg\">\n                                        <path d=\"M-0.000156792 8.92L-0.000156705 6.92L11.9998 6.92L6.49984 1.42L7.91984 -3.46194e-07L15.8398 7.92L7.91984 15.84L6.49984 14.42L11.9998 8.92L-0.000156792 8.92Z\" fill=\"#171818\"><\/path>\n                                    <\/svg>\n                                                                    <\/a>\n                            <\/div>\n                        <\/div>\n                                            <\/div>\n                                        <!--- Post-style-1 start end--->\n                \t\t\t\t<\/div>\n\t\t\t\t<\/div>\n\t\t\t\t\t<\/div>\n\t\t<\/div>\n\t\t\t\t\t<\/div>\n\t\t<\/section>\n\t\t\t\t<\/div>\n\t\t","protected":false},"excerpt":{"rendered":"<p>Blog &#8211; Inline Leave No Trace: Responsible Camping and Outdoor Ethics Explore the principles of Leave No Trace and learn how to minimize your environmental impact while enjoying the great outdoors. &hellip; Read More Camping with Kids: Tips for a &hellip; <a href=\"https:\/\/nomadajarabacoa.com\/?p=441\">Read More<\/a><\/p>\n","protected":false},"author":1,"featured_media":0,"parent":0,"menu_order":30,"comment_status":"closed","ping_status":"closed","template":"","meta":{"_monsterinsights_skip_tracking":false,"_monsterinsights_sitenote_active":false,"_monsterinsights_sitenote_note":"","_monsterinsights_sitenote_category":0,"footnotes":""},"class_list":["post-72","page","type-page","status-publish","hentry"],"_links":{"self":[{"href":"https:\/\/nomadajarabacoa.com\/index.php?rest_route=\/wp\/v2\/pages\/72","targetHints":{"allow":["GET"]}}],"collection":[{"href":"https:\/\/nomadajarabacoa.com\/index.php?rest_route=\/wp\/v2\/pages"}],"about":[{"href":"https:\/\/nomadajarabacoa.com\/index.php?rest_route=\/wp\/v2\/types\/page"}],"author":[{"embeddable":true,"href":"https:\/\/nomadajarabacoa.com\/index.php?rest_route=\/wp\/v2\/users\/1"}],"replies":[{"embeddable":true,"href":"https:\/\/nomadajarabacoa.com\/index.php?rest_route=%2Fwp%2Fv2%2Fcomments&post=72"}],"version-history":[{"count":0,"href":"https:\/\/nomadajarabacoa.com\/index.php?rest_route=\/wp\/v2\/pages\/72\/revisions"}],"wp:attachment":[{"href":"https:\/\/nomadajarabacoa.com\/index.php?rest_route=%2Fwp%2Fv2%2Fmedia&parent=72"}],"curies":[{"name":"wp","href":"https:\/\/api.w.org\/{rel}","templated":true}]}}